t is the remainder when 223434 is divided by 36?
18
What is the remainder when 66111 is divided by 9?
6
What is the remainder when 9515 is divided by 365?
25
Calculate the remainder when 373 is divided by 87.
25
What is the remainder when 6448 is divided by 1289?
3
What is the remainder when 527707 is divided by 65?
37
Calculate the remainder when 9247 is divided by 842.
827
What is the remainder when 10591247 is divided by 458?
455
What is the remainder when 19259 is divided by 368?
123
Calculate the remainder when 5491 is divided by 5365.
126
Calculate the remainder when 19509 is divided by 271.
268
Calculate the remainder when 40192 is divided by 171.
7
What is the remainder when 6504203 is divided by 28?
27
Calculate the remainder when 66435 is divided by 1096.
675
Calculate the remainder when 4111 is divided by 96.
79
Calculate the remainder when 686691 is divided by 386.
383
What is the remainder when 2645 is divided by 852?
89
Calculate the remainder when 39724 is divided by 1527.
22
What is the remainder when 1270 is divided by 381?
127
What is the remainder when 5245 is divided by 1742?
19
Calculate the remainder when 838 is divided by 10.
8
Calculate the remainder when 494923 is divided by 9.
4
What is the remainder when 26904 is divided by 204?
180
Calculate the remainder when 1185 is divided by 588.
9
Calculate the remainder when 26213 is divided by 76.
69
Calculate the remainder when 1153 is divided by 14.
5
What is the remainder when 1800861 is divided by 333?
330
What is the remainder when 524776 is divided by 2003?
1993
What is the remainder when 2410 is divided by 524?
314
Calculate the remainder when 1885370 is divided by 148.
146
What is the remainder when 4197 is divided by 29?
21
What is the remainder when 23848 is divided by 66?
22
Calculate the remainder when 206987 is divided by 367.
366
What is the remainder when 5153 is divided by 115?
93
What is the remainder when 108018 is divided by 61?
48
What is the remainder when 79127 is divided by 39557?
13
Calculate the remainder when 33415 is divided by 341.
338
Calculate the remainder when 2436 is divided by 575.
136
What is the remainder when 17916 is divided by 286?
184
Calculate the remainder when 40543 is divided by 20267.
9
What is the remainder when 4193 is divided by 14?
7
What is the remainder when 43899 is divided by 9?
6
Calculate the remainder when 1009 is divided by 22.
19
What is the remainder when 5817 is divided by 13?
6
Calculate the remainder when 12256 is divided by 83.
55
What is the remainder when 96659 is divided by 96616?
43
What is the remainder when 244173 is divided by 1009?
1004
What is the remainder when 693 is divided by 100?
93
What is the remainder when 200 is divided by 18?
2
Calculate the remainder when 2973 is divided by 328.
21
What is the remainder when 97643 is divided by 1713?
2
Calculate the remainder when 186095 is divided by 46522.
7
What is the remainder when 11432 is divided by 1902?
20
Calculate the remainder when 62992 is divided by 7874.
0
Calculate the remainder when 27375 is divided by 752.
303
What is the remainder when 418147 is divided by 38?
33
What is the remainder when 11093 is divided by 62?
57
Calculate the remainder when 62881 is divided by 199.
196
What is the remainder when 1615 is divided by 5?
0
Calculate the remainder when 1745 is divided by 444.
413
Calculate the remainder when 18813 is divided by 8.
5
Calculate the remainder when 418 is divided by 151.
116
Calculate the remainder when 8535 is divided by 4158.
219
What is the remainder when 375 is divided by 207?
168
Calculate the remainder when 3668 is divided by 1828.
12
Calculate the remainder when 7891 is divided by 1258.
343
Calculate the remainder when 1222 is divided by 1136.
86
Calculate the remainder when 2013 is divided by 78.
63
What is the remainder when 24590 is divided by 40?
30
What is the remainder when 16064 is divided by 256?
192
What is the remainder when 5565 is divided by 309?
3
Calculate the remainder when 276 is divided by 239.
37
Calculate the remainder when 2639 is divided by 658.
7
Calculate the remainder when 634712 is divided by 110.
12
Calculate the remainder when 6808 is divided by 2266.
10
Calculate the remainder when 2713907 is divided by 11.
9
Calculate the remainder when 1356 is divided by 444.
24
What is the remainder when 77019 is divided by 4812?
27
Calculate the remainder when 34292 is divided by 333.
326
Calculate the remainder when 1646 is divided by 823.
0
What is the remainder when 153510 is divided by 248?
246
What is the remainder when 65 is divided by 15?
5
Calculate the remainder when 3130 is divided by 208.
10
Calculate the remainder when 21699 is divided by 184.
171
What is the remainder when 6577 is divided by 313?
4
What is the remainder when 30594 is divided by 373?
8
What is the remainder when 422258 is divided by 1268?
14
What is the remainder when 56779 is divided by 18834?
277
What is the remainder when 160046 is divided by 194?
190
Calculate the remainder when 147639 is divided by 3785.
24
What is the remainder when 44917 is divided by 52?
41
What is the remainder when 994 is divided by 18?
4
Calculate the remainder when 10873 is divided by 3.
1
Calculate the remainder when 1187 is divided by 103.
54
What is the remainder when 3166 is divided by 18?
16
Calculate the remainder when 5652 is divided by 165.
42
What is the remainder when 733104 is divided by 13329?
9
What is the remainder when 144830 is divided by 36206?
6
What is the remainder when 13736 is divided by 229?
225
Calculate the remainder when 36295 is divided by 4024.
79
What is the remainder when 7399 is divided by 90?
19
What is the remainder when 5836 is divided by 5794?
42
Calculate the remainder when 3767949 is divided by 138.
135
Calculate the remainder when 8961 is divided by 73.
55
Calculate the remainder when 7369 is divided by 268.
133
Calculate the remainder when 20269 is divided by 53.
23
What is the remainder when 112661 is divided by 38?
29
What is the remainder when 3856 is divided by 62?
12
What is the remainder when 21962 is divided by 849?
737
Calculate the remainder when 2137 is divided by 1026.
85
Calculate the remainder when 11213 is divided by 101.
2
What is the remainder when 1910 is divided by 378?
20
What is the remainder when 3940 is divided by 985?
0
What is the remainder when 24290 is divided by 124?
110
What is the remainder when 26051 is divided by 37?
3
Calculate the remainder when 56671 is divided by 346.
273
What is the remainder when 19920 is divided by 866?
2
What is the remainder when 23050 is divided by 640?
10
Calculate the remainder when 60679 is divided by 136.
23
Calculate the remainder when 11714 is divided by 5793.
128
What is the remainder when 1461 is divided by 711?
39
Calculate the remainder when 40595 is divided by 115.
0
Calculate the remainder when 23551 is divided by 23.
22
Calculate the remainder when 14868 is divided by 1237.
24
Calculate the remainder when 16968 is divided by 11.
6
Calculate the remainder when 14634 is divided by 44.
26
Calculate the remainder when 80782 is divided by 1063.
1057
Calculate the remainder when 104015 is divided by 131.
1
What is the remainder when 2209 is divided by 1477?
732
Calculate the remainder when 4002 is divided by 236.
226
What is the remainder when 41473 is divided by 10349?
77
Calculate the remainder when 144215 is divided by 72.
71
What is the remainder when 593024 is divided by 153?
149
Calculate the remainder when 666 is divided by 308.
50
What is the remainder when 18776 is divided by 4688?
24
What is the remainder when 215156 is divided by 10?
6
What is the remainder when 101559 is divided by 14?
3
What is the remainder when 1791 is divided by 316?
211
Calculate the remainder when 46669 is divided by 359.
358
What is the remainder when 224918 is divided by 20?
18
Calculate the remainder when 7994 is divided by 3967.
60
What is the remainder when 9204 is divided by 483?
27
Calculate the remainder when 12552 is divided by 58.
24
What is the remainder when 3229 is divided by 624?
109
Calculate the remainder when 90529 is divided by 319.
252
What is the remainder when 87450 is divided by 13?
12
Calculate the remainder when 48895 is divided by 49.
4